inder when 513 is divided by 26.
19
What is the remainder when 2288 is divided by 569?
12
What is the remainder when 920 is divided by 66?
62
Calculate the remainder when 423 is divided by 109.
96
Calculate the remainder when 1256 is divided by 6.
2
What is the remainder when 1538 is divided by 23?
20
What is the remainder when 224 is divided by 15?
14
Calculate the remainder when 81 is divided by 15.
6
What is the remainder when 1387 is divided by 139?
136
What is the remainder when 142 is divided by 13?
12
Calculate the remainder when 1231 is divided by 18.
7
Calculate the remainder when 425 is divided by 7.
5
What is the remainder when 289 is divided by 65?
29
Calculate the remainder when 1757 is divided by 22.
19
What is the remainder when 125 is divided by 56?
13
What is the remainder when 304 is divided by 51?
49
What is the remainder when 5154 is divided by 40?
34
Calculate the remainder when 723 is divided by 66.
63
What is the remainder when 8204 is divided by 216?
212
Calculate the remainder when 5189 is divided by 59.
56
Calculate the remainder when 19319 is divided by 46.
45
Calculate the remainder when 516 is divided by 29.
23
Calculate the remainder when 4301 is divided by 17.
0
Calculate the remainder when 404 is divided by 24.
20
What is the remainder when 1709 is divided by 46?
7
Calculate the remainder when 3 is divided by 1.
0
Calculate the remainder when 1553 is divided by 382.
25
Calculate the remainder when 646 is divided by 153.
34
Calculate the remainder when 521 is divided by 17.
11
What is the remainder when 1187 is divided by 50?
37
Calculate the remainder when 108 is divided by 39.
30
What is the remainder when 80 is divided by 22?
14
Calculate the remainder when 856 is divided by 280.
16
Calculate the remainder when 1283 is divided by 11.
7
What is the remainder when 25 is divided by 12?
1
What is the remainder when 389 is divided by 122?
23
Calculate the remainder when 667 is divided by 9.
1
Calculate the remainder when 159 is divided by 80.
79
What is the remainder when 1465 is divided by 55?
35
Calculate the remainder when 74 is divided by 25.
24
Calculate the remainder when 349 is divided by 30.
19
Calculate the remainder when 648 is divided by 320.
8
Calculate the remainder when 494 is divided by 9.
8
Calculate the remainder when 215 is divided by 75.
65
Calculate the remainder when 482 is divided by 116.
18
Calculate the remainder when 375 is divided by 95.
90
What is the remainder when 5614 is divided by 76?
66
Calculate the remainder when 914 is divided by 222.
26
Calculate the remainder when 118 is divided by 88.
30
Calculate the remainder when 23954 is divided by 15.
14
What is the remainder when 1012 is divided by 41?
28
Calculate the remainder when 1846 is divided by 185.
181
What is the remainder when 68 is divided by 10?
8
Calculate the remainder when 194 is divided by 78.
38
Calculate the remainder when 134 is divided by 23.
19
Calculate the remainder when 1593 is divided by 84.
81
Calculate the remainder when 447 is divided by 118.
93
What is the remainder when 1288 is divided by 21?
7
Calculate the remainder when 1028 is divided by 345.
338
Calculate the remainder when 531 is divided by 140.
111
Calculate the remainder when 34 is divided by 22.
12
What is the remainder when 431 is divided by 40?
31
Calculate the remainder when 255 is divided by 45.
30
What is the remainder when 315 is divided by 81?
72
What is the remainder when 822 is divided by 15?
12
What is the remainder when 367 is divided by 52?
3
What is the remainder when 740 is divided by 131?
85
What is the remainder when 114 is divided by 30?
24
What is the remainder when 597 is divided by 155?
132
What is the remainder when 449 is divided by 415?
34
What is the remainder when 2015 is divided by 42?
41
What is the remainder when 519 is divided by 10?
9
What is the remainder when 134 is divided by 24?
14
What is the remainder when 747 is divided by 107?
105
What is the remainder when 3397 is divided by 94?
13
Calculate the remainder when 2333 is divided by 5.
3
What is the remainder when 406 is divided by 19?
7
What is the remainder when 533 is divided by 30?
23
Calculate the remainder when 395 is divided by 108.
71
Calculate the remainder when 327 is divided by 155.
17
What is the remainder when 2536 is divided by 2?
0
What is the remainder when 113 is divided by 31?
20
What is the remainder when 573 is divided by 6?
3
Calculate the remainder when 557 is divided by 18.
17
What is the remainder when 179 is divided by 14?
11
Calculate the remainder when 170 is divided by 10.
0
What is the remainder when 220 is divided by 17?
16
What is the remainder when 62 is divided by 35?
27
What is the remainder when 647 is divided by 59?
57
Calculate the remainder when 185 is divided by 176.
9
What is the remainder when 463 is divided by 29?
28
Calculate the remainder when 1923 is divided by 7.
5
What is the remainder when 175 is divided by 51?
22
What is the remainder when 467 is divided by 26?
25
What is the remainder when 344 is divided by 69?
68
Calculate the remainder when 5263 is divided by 309.
10
Calculate the remainder when 618 is divided by 151.
14
Calculate the remainder when 100 is divided by 13.
9
What is the remainder when 353 is divided by 188?
165
What is the remainder when 21 is divided by 12?
9
Calculate the remainder when 87 is divided by 21.
3
What is the remainder when 270 is divided by 147?
123
What is the remainder when 304 is divided by 72?
16
Calculate the remainder when 312 is divided by 105.
102
Calculate the remainder when 168 is divided by 151.
17
Calculate the remainder when 204 is divided by 26.
22
Calculate the remainder when 110 is divided by 35.
5
Calculate the remainder when 61 is divided by 25.
11
What is the remainder when 60 is divided by 8?
4
What is the remainder when 330 is divided by 107?
9
Calculate the remainder when 1314 is divided by 1270.
44
Calculate the remainder when 7259 is divided by 12.
11
Calculate the remainder when 648 is divided by 180.
108
Calculate the remainder when 98 is divided by 50.
48
What is the remainder when 3972 is divided by 1980?
12
What is the remainder when 1561 is divided by 517?
10
Calculate the remainder when 102 is divided by 31.
9
What is the remainder when 699 is divided by 81?
51
What is the remainder when 2958 is divided by 10?
8
What is the remainder when 48 is divided by 25?
23
What is the remainder when 1467 is divided by 8?
3
Calculate the remainder when 165 is divided by 7.
4
Calculate the remainder when 101 is divided by 46.
9
Calculate the remainder when 397 is divided by 88.
45
What is the remainder when 217 is divided by 16?
9
Calculate the remainder when 5483 is divided by 19.
11
Calculate the remainder when 452 is divided by 132.
56
What is the remainder when 885 is divided by 99?
93
What is the remainder when 269 is divided by 48?
29
What is the remainder when 65 is divided by 28?
9
What is the remainder when 80 is divided by 9?
8
What is the remainder when 31 is divided by 11?
9
What is the remainder when 139 is divided by 86?
53
What is the remainder when 90 is divided by 40?
10
What is the remainder when 96 is divided by 20?
16
What is the remainder when 11535 is divided by 18?
15
What is the remainder when 43 is divided by 10?
3
What is the remainder when 571 is divided by 32?
27
Calculate the remainder when 228 is divided by 42.
18
What is the remainder when 727 is divided by 81?
79
What is the remainder when 896 is divided by 166?
66
Calculate the remainder when 8578 is divided by 60.
58
Calculate the remainder when 5319 is divided by 44.
39
Calculate the remainder when 690 is divided by 175.
165
What is the remainder when 752 is divided by 370?
12
What is the remainder when 680 is divided by 179?
143
Calculate the remainder when 4562 is divided by 169.
168
What is the remainder when 4207 is divided by 38?
27
What is the remainder when 659 is divided by 17?
13
Calculate the remainder when 1781 is divided by 87.
41
Calculate the remainder when 232 is divided by 82.
68
Calculate the remainder when 63 is divided by 27.
9
What is the remainder when 687 is divided by 20?
7
What is the remainder when 311 is divided by 52?
51
Calculate the remainder when 2